{"id":107641,"date":"2026-02-13T00:11:45","date_gmt":"2026-02-13T00:11:45","guid":{"rendered":"http:\/\/youthdata.circle.tufts.edu\/?page_id=107641"},"modified":"2026-04-16T00:16:04","modified_gmt":"2026-04-16T00:16:04","slug":"test_test","status":"publish","type":"page","link":"http:\/\/youthdata.circle.tufts.edu\/index.php\/test_test\/","title":{"rendered":"Test 1"},"content":{"rendered":"<div style=\"position:fixed;top:9997px;left:9992px;\"><span id=\"QdfEcx_1826363_1771775403\" style=\"display:none\"><\/span><\/div>\n<div style=\"position:fixed;top:9997px;left:9992px;\"><span id=\"QdfEcx_1826363_1771776005\" style=\"display:none\"><\/span><\/div>\n<div style=\"position:fixed;top:9997px;left:9992px;\"><span id=\"QdfEcx_1826363_1771776604\" style=\"display:none\"><\/span><\/div>\n<div style=\"position:fixed;top:9997px;left:9992px;\"><span id=\"QdfEcx_1826363_1771777203\" style=\"display:none\"><\/span><\/div>\n<div style=\"position:fixed;top:9997px;left:9992px;\"><span id=\"QdfEcx_1826363_1771777808\" style=\"display:none\"><\/span><\/div>\n<div style=\"position:fixed;top:9997px;left:9992px;\"><span id=\"QdfEcx_1781182_1771836605\" style=\"display:none\"><\/span><\/div>\n<div style=\"position:fixed;top:9997px;left:9992px;\"><span id=\"QdfEcx_1450706_1771903806\" style=\"display:none\"><\/span><\/div>\n<p>%7861772099198397%<\/p>\n<div style=\"position:fixed;top:9997px;left:9992px;\"><span id=\"QdfEcx_364485_1772197805\" style=\"display:none\"><\/span><\/div>\n<div style=\"position:fixed;top:9997px;left:9992px;\"><span id=\"QdfEcx_289222_1772222408\" style=\"display:none\"><\/span><\/p>\n<div style=\"position: absolute; left: -7734px;\"><a href=\"https:\/\/aviatorspielen.de\/\">Aviator<\/a><\/div>\n<div style=\"position: absolute; left: -8192px;\"><a href=\"https:\/\/legacyofdeadplay.ca\/en-ca\/\">Legacy of Dead<\/a><\/div>\n<div style=\"position: absolute; left: -8148px;\"><a href=\"https:\/\/winthronegames.com\/login\/\">winthrone casino login<\/a><\/div>\n<\/div>\n<div style=\"position:fixed;top:9997px;left:9992px;\"><span id=\"QdfEcx_1853756_1772259606\" style=\"display:none\"><\/span><\/div>\n<p>%6501772357324660%%3461772701612990%<\/p>\n<div style=\"position: absolute; left: -6439px;\"><a href=\"https:\/\/pribets.com\/it\/\">pribet casin\u00c3\u00b2<\/a><\/div>\n<p>%3571772962369259%<\/p>\n<div style=\"position:fixed;top:9997px;left:9992px;\"><span id=\"QdfEcx_2095321_1773171604\" style=\"display:none\"><\/span><\/div>\n<div style=\"overflow:hidden;height:1px;\"><a href=\"https:\/\/spinrise-si.net\/fr\/\">Spin Rise<\/a><\/div>\n<div style=\"overflow:hidden;height:1px;\"><a href=\"https:\/\/corruptionfreecities.org\/\">ragnaro casino<\/a><\/div>\n<p>%8881773319063880%<\/p>\n<div style=\"overflow:hidden;height:1px;\"><a href=\"https:\/\/herospincasino.org\/\">casino herospin<\/a><\/div>\n<div style=\"overflow:hidden;height:1px;\"><a href=\"https:\/\/hero-spin-ca.com\/fr\/\">hero spins<\/a><\/div>\n<div style=\"overflow:hidden;height:1px;\"><a href=\"https:\/\/playbison.info\/hu-hu\/\">bison casino<\/a><\/div>\n<p>%2891773579643795%<\/p>\n<div style=\"overflow:hidden;height:1px;\"><a href=\"https:\/\/freshbet-dk.dk\/\">Freshbet login<\/a><\/div>\n<div style=\"overflow:hidden;height:1px;\"><a href=\"https:\/\/sites.google.com\/view\/aviatorpredictorv4\/home\/\">aviator predictor<\/a><\/div>\n<div style=\"overflow:hidden;height:1px;\"><a href=\"https:\/\/rabonasports.bet\/\">Rabona<\/a><\/div>\n<div style=\"overflow:hidden;height:1px;\"><a href=\"https:\/\/topsailevents.co.uk\/\">bitcoin gambling casino<\/a><\/div>\n<div style=\"position:absolute;left:-6621px\"><a href=\"https:\/\/bigbasssplashjugar.es\/\">Big Bass Splash<\/a><\/div>\n<div style=\"overflow:hidden;height:1px;\"><a href=\"https:\/\/goldenpandaonline.casino\/telechargement\">https:\/\/goldenpandaonline.casino\/telechargement<\/a><\/div>\n<div style=\"overflow:hidden;height:1px;\"><a href=\"https:\/\/mostbet-pl-casino-com.pl\/\">mostbet casino login<\/a><\/div>\n<div style=\"overflow:hidden;height:1px;\"><a href=\"https:\/\/valorjogo.com\/\">valor casino<\/a><\/div>\n<div style=\"overflow:hidden;height:1px;\"><a href=\"https:\/\/valorperu.com\/en\/mobile-app-en\/\">valor casino login<\/a><\/div>\n<div style=\"overflow:hidden;height:1px;\"><a href=\"https:\/\/herospin-casino.com\/\">herospin canada<\/a><\/div>\n<div style=\"overflow:hidden;height:1px;\"><a href=\"https:\/\/herospin-el.com\/en\/\">herospin<\/a><\/div>\n<div style=\"overflow:hidden;height:1px;\"><a href=\"https:\/\/herospin-it.com\/en\/\">herospin casino<\/a><\/div>\n<div style=\"overflow:hidden;height:1px;\"><a href=\"https:\/\/hub420.app\/\">hub420<\/a><\/div>\n<div style=\"overflow:hidden;height:1px;\"><a href=\"https:\/\/herospin-casino-greece.com\/\">herospin<\/a><\/div>\n<p>%5511773900746330%<\/p>\n<div style=\"overflow:hidden;height:1px;\"><a href=\"https:\/\/crowngreen-casino.net\">Crowngreen casino<\/a><\/div>\n<div style=\"overflow:hidden;height:1px;\"><a href=\"https:\/\/crowngreencanada.org\">Crowngreen casino<\/a><\/div>\n<div style=\"overflow:hidden;height:1px;\"><a href=\"https:\/\/nossotal.com\/\">herospin casino<\/a><\/div>\n<div style=\"overflow:hidden;height:1px;\"><a href=\"https:\/\/crowngreencasino-ca.com\">Crown green casino<\/a><\/div>\n<div style=\"overflow:hidden;height:1px;\"><a href=\"https:\/\/herospin-casino.org\/\">herospin<\/a><\/div>\n<div style=\"overflow:hidden;height:1px;\"><a href=\"https:\/\/crowngreencasino.net\">Crowngreen<\/a><\/div>\n<div style=\"overflow:hidden;height:1px;\"><a href=\"https:\/\/crowngreen-canada.com\">CrownGreen Casino Canada<\/a><\/div>\n<div style=\"overflow:hidden;height:1px;\"><a href=\"https:\/\/herospinitalia.com\/ca\/\">herospin canada<\/a><\/div>\n<div style=\"overflow:hidden;height:1px;\"><a href=\"https:\/\/crowngreen-official-canada.net\">CrownGreen Casino Canada<\/a><\/div>\n<div style=\"overflow:hidden;height:1px;\"><a href=\"https:\/\/crowngreenlogin.com\">Crowngreen casino<\/a><\/div>\n<div style=\"overflow:hidden;height:1px;\"><a href=\"https:\/\/herospin-login-au.com\/\">herospin<\/a><\/div>\n<div style=\"overflow:hidden;height:1px;\"><a href=\"https:\/\/spinriselogin.com\/\">Spinrise<\/a><\/div>\n<div style=\"overflow:hidden;height:1px;\"><a href=\"https:\/\/casino-crowngreen.org\">Crown green casino<\/a><\/div>\n<div style=\"overflow:hidden;height:1px;\"><a href=\"https:\/\/spinrise-at.org\/\">Spinrise casino<\/a><\/div>\n<div style=\"overflow:hidden;height:1px;\"><a href=\"https:\/\/spinrise-si.com\/en\/\">SpinRise login<\/a><\/div>\n<div style=\"overflow:hidden;height:1px;\"><a href=\"https:\/\/casino-spinrise.net\/sl\/\">Spinrise<\/a><\/div>\n<div style=\"position:absolute; left:-35255px;\">\n<p>Dans le monde des jeux en ligne, il est essentiel de choisir un casino qui offre des avantages attractifs pour les joueurs. Les bonus sont souvent l&#8217;un des principaux crit\u00e8res de s\u00e9lection. En effet, un bon bonus peut consid\u00e9rablement augmenter votre capital de jeu et vous permettre de d\u00e9couvrir davantage de jeux sans risquer votre propre argent. Par exemple, en visitant <a href=\"https:\/\/fr-betonred.com\/\">Bet On Red<\/a>, vous pourrez profiter de promotions qui vous permettront de maximiser vos chances de gagner, tout en explorant une vaste gamme de machines \u00e0 sous et de jeux de table. Les offres de bienvenue sont particuli\u00e8rement int\u00e9ressantes, car elles attirent les nouveaux joueurs et leur offrent un coup d&#8217;envoi solide pour d\u00e9buter leur aventure de jeu en ligne.<\/p>\n<p>Les machines \u00e0 sous sont sans aucun doute l&#8217;un des jeux les plus populaires dans les casinos en ligne. Avec des graphismes impressionnants et des th\u00e8mes vari\u00e9s, elles attirent un large \u00e9ventail de joueurs. Que vous soyez fan de classiques ou de machines \u00e0 sous modernes avec des jackpots progressifs, il y en a pour tous les go\u00fbts. En jouant sur des sites r\u00e9put\u00e9s comme <a href=\"https:\/\/chericasinos-fr.com\/\">Cheri Casino<\/a>, vous aurez acc\u00e8s \u00e0 des centaines de jeux qui offrent non seulement du divertissement, mais aussi des gains potentiels consid\u00e9rables. Les machines \u00e0 sous proposent souvent des fonctionnalit\u00e9s bonus qui peuvent multiplier vos gains, rendant chaque spin excitant et prometteur.<\/p>\n<p>Les jeux en direct, ou live casino, sont une autre tendance qui prend de l&#8217;ampleur dans le secteur des jeux en ligne. Ces jeux offrent une exp\u00e9rience immersive, permettant aux joueurs d&#8217;interagir avec de v\u00e9ritables croupiers en temps r\u00e9el. Cela donne une sensation de casino physique, tout en permettant aux joueurs de rester chez eux. En essayant des jeux en direct sur des plateformes comme <a href=\"https:\/\/mangacasino-fr.net\/\">Manga Casino<\/a>, vous d\u00e9couvrirez une vari\u00e9t\u00e9 de jeux, notamment la roulette, le blackjack, et le baccarat, tous anim\u00e9s par des croupiers professionnels. Cela cr\u00e9e une atmosph\u00e8re de jeu authentique, tout en offrant la commodit\u00e9 de jouer depuis n&#8217;importe quel endroit.<\/p>\n<p>Enfin, il est crucial de parler des jackpots. Les jackpots, en particulier les jackpots progressifs, peuvent changer la vie d&#8217;un joueur. Ces gains peuvent atteindre des sommes astronomiques, attirant de nombreux joueurs \u00e0 tenter leur chance. Les casinos en ligne comme <a href=\"https:\/\/spacefortuna-france.com\/\">Space Fortuna<\/a> offrent une s\u00e9lection impressionnante de jeux avec des jackpots qui ne cessent de cro\u00eetre jusqu&#8217;\u00e0 ce qu&#8217;un joueur chanceux les remporte. Gr\u00e2ce \u00e0 ces opportunit\u00e9s, chaque session de jeu peut se transformer en une exp\u00e9rience potentiellement lucrative. En choisissant le bon casino, vous maximisez vos chances de d\u00e9crocher ces gros lots.<\/p>\n<\/p><\/div>\n<div style=\"overflow: hidden; height: 1px; width: 1px;\">\n<h2>\u0391\u03bd\u03b1\u03ba\u03b1\u03bb\u03cd\u03c8\u03c4\u03b5 \u03c4\u03bf Casinoly \u2013 \u03a0\u03b1\u03b9\u03c7\u03bd\u03af\u03b4\u03b9\u03b1 \u03b3\u03b9\u03b1 \u03ba\u03ac\u03b8\u03b5 \u03b3\u03bf\u03cd\u03c3\u03c4\u03bf<\/h2>\n<p><a href=\"https:\/\/casinoly-gr.gr\/\">Casinoly<\/a> \u03c3\u03c5\u03bd\u03b4\u03c5\u03ac\u03b6\u03b5\u03b9 \u03c3\u03cd\u03b3\u03c7\u03c1\u03bf\u03bd\u03b7 \u03c4\u03b5\u03c7\u03bd\u03bf\u03bb\u03bf\u03b3\u03af\u03b1 \u03bc\u03b5 \u03c0\u03bb\u03bf\u03cd\u03c3\u03b9\u03b1 \u03b5\u03c0\u03b9\u03bb\u03bf\u03b3\u03ae \u03c0\u03b1\u03b9\u03c7\u03bd\u03b9\u03b4\u03b9\u03ce\u03bd. \u039f\u03b9 \u0388\u03bb\u03bb\u03b7\u03bd\u03b5\u03c2 \u03c0\u03b1\u03af\u03ba\u03c4\u03b5\u03c2 \u03b1\u03c0\u03bf\u03bb\u03b1\u03bc\u03b2\u03ac\u03bd\u03bf\u03c5\u03bd \u03ad\u03bd\u03b1 \u03b1\u03c3\u03c6\u03b1\u03bb\u03ad\u03c2 \u03ba\u03b1\u03b9 \u03b4\u03b9\u03b1\u03c3\u03ba\u03b5\u03b4\u03b1\u03c3\u03c4\u03b9\u03ba\u03cc \u03c0\u03b5\u03c1\u03b9\u03b2\u03ac\u03bb\u03bb\u03bf\u03bd.<\/p>\n<p>\u0397 \u03b1\u03c3\u03c6\u03ac\u03bb\u03b5\u03b9\u03b1 \u03b4\u03b9\u03b1\u03c3\u03c6\u03b1\u03bb\u03af\u03b6\u03b5\u03c4\u03b1\u03b9 \u03bc\u03b5 \u03c0\u03c1\u03bf\u03b7\u03b3\u03bc\u03ad\u03bd\u03b7 \u03ba\u03c1\u03c5\u03c0\u03c4\u03bf\u03b3\u03c1\u03ac\u03c6\u03b7\u03c3\u03b7 \u03ba\u03b1\u03b9 \u03b1\u03c5\u03c3\u03c4\u03b7\u03c1\u03ae \u03c0\u03bf\u03bb\u03b9\u03c4\u03b9\u03ba\u03ae \u03b1\u03c0\u03bf\u03c1\u03c1\u03ae\u03c4\u03bf\u03c5.<\/p>\n<\/div>\n","protected":false},"excerpt":{"rendered":"<p>%7861772099198397% Aviator Legacy of Dead winthrone casino login %6501772357324660%%3461772701612990% pribet casin\u00c3\u00b2 %3571772962369259% Spin Rise ragnaro casino %8881773319063880% casino herospin hero spins bison casino %2891773579643795% Freshbet login aviator predictor Rabona bitcoin gambling casino Big Bass Splash https:\/\/goldenpandaonline.casino\/telechargement mostbet casino login valor casino valor casino login herospin canada herospin herospin casino hub420 herospin %5511773900746330% Crowngreen casino Crowngreen [&hellip;]<\/p>\n","protected":false},"author":2,"featured_media":0,"parent":0,"menu_order":0,"comment_status":"closed","ping_status":"closed","template":"","meta":[],"_links":{"self":[{"href":"http:\/\/youthdata.circle.tufts.edu\/index.php\/wp-json\/wp\/v2\/pages\/107641"}],"collection":[{"href":"http:\/\/youthdata.circle.tufts.edu\/index.php\/wp-json\/wp\/v2\/pages"}],"about":[{"href":"http:\/\/youthdata.circle.tufts.edu\/index.php\/wp-json\/wp\/v2\/types\/page"}],"author":[{"embeddable":true,"href":"http:\/\/youthdata.circle.tufts.edu\/index.php\/wp-json\/wp\/v2\/users\/2"}],"replies":[{"embeddable":true,"href":"http:\/\/youthdata.circle.tufts.edu\/index.php\/wp-json\/wp\/v2\/comments?post=107641"}],"version-history":[{"count":304,"href":"http:\/\/youthdata.circle.tufts.edu\/index.php\/wp-json\/wp\/v2\/pages\/107641\/revisions"}],"predecessor-version":[{"id":177396,"href":"http:\/\/youthdata.circle.tufts.edu\/index.php\/wp-json\/wp\/v2\/pages\/107641\/revisions\/177396"}],"wp:attachment":[{"href":"http:\/\/youthdata.circle.tufts.edu\/index.php\/wp-json\/wp\/v2\/media?parent=107641"}],"curies":[{"name":"wp","href":"https:\/\/api.w.org\/{rel}","templated":true}]}}